{"id":119,"date":"2014-03-10T21:34:07","date_gmt":"2014-03-10T19:34:07","guid":{"rendered":"http:\/\/www.naturheilpraxis-battenberg.de\/?page_id=119"},"modified":"2022-03-10T12:20:35","modified_gmt":"2022-03-10T10:20:35","slug":"schroepfen","status":"publish","type":"page","link":"https:\/\/www.naturheilpraxis-battenberg.de\/?page_id=119","title":{"rendered":"Schr\u00f6pfen"},"content":{"rendered":"<p>Beim Schr\u00f6pfen wird durch Erhitzen&nbsp; ein Unterdruck in den Schr\u00f6pfgl\u00e4sern erzeugt.&nbsp;Die Schr\u00f6pfgl\u00e4ser werden entlang der Head&#8217;schen Zonen des R\u00fccken auf die Haut des Patienten gesetzt. Durch die so angesaugte Haut des Patienten kann ein lokal begrenztes H\u00e4matom (Bluterguss) entstehen. Dadurch wird der Reiz zur Selbstheilung gesetzt.&nbsp;Durch Head\u2018sche Zonen&nbsp;(Neurovegetative Verbindungen zwischen Haut und inneren Organen) werden &nbsp;Erkrankungen &nbsp;und Funktionsst\u00f6rungen \u00fcber das Nervensystem heilend beeinflusst.<\/p>\n<div id=\"attachment_243\" style=\"width: 710px\" class=\"wp-caption aligncenter\"><img aria-describedby=\"caption-attachment-243\" loading=\"lazy\" src=\"https:\/\/www.naturheilpraxis-battenberg.de\/wp-content\/uploads\/2017\/04\/20130709_152701-1024x768.jpg\" alt=\"Heilpraxis-Battenberg-Evita Czeczatka-Bild Schr\u00f6pfen\" class=\"size-large wp-image-243\" width=\"700\" height=\"525\" srcset=\"https:\/\/www.naturheilpraxis-battenberg.de\/wp-content\/uploads\/2017\/04\/20130709_152701-1024x768.jpg 1024w, https:\/\/www.naturheilpraxis-battenberg.de\/wp-content\/uploads\/2017\/04\/20130709_152701-300x225.jpg 300w, https:\/\/www.naturheilpraxis-battenberg.de\/wp-content\/uploads\/2017\/04\/20130709_152701-268x200.jpg 268w, https:\/\/www.naturheilpraxis-battenberg.de\/wp-content\/uploads\/2017\/04\/20130709_152701-700x525.jpg 700w\" sizes=\"(max-width: 700px) 100vw, 700px\" \/><p id=\"caption-attachment-243\" class=\"wp-caption-text\">Schr\u00f6pfen<\/p><\/div>\n<p>Anwendungsgebiete der Schr\u00f6pftherapie:<\/p>\n<div>\n<ul>\n<li><span style=\"color: #333333; font-family: inherit; font-size: inherit; font-style: inherit; font-variant: inherit; font-weight: inherit; line-height: inherit;\">Umstimmung des K\u00f6rpers<\/span><\/li>\n<li><span style=\"color: #333333; font-family: inherit; font-size: inherit; font-style: inherit; font-variant: inherit; font-weight: inherit; line-height: inherit;\">Ausleitung von Schlacken- und Giftstoffen<\/span><\/li>\n<li><span style=\"color: #333333; font-family: inherit; font-size: inherit; font-style: inherit; font-variant: inherit; font-weight: inherit; line-height: inherit;\">Lymphfluss wird gesteigert<\/span><\/li>\n<li><span style=\"color: #333333; font-family: inherit; font-size: inherit; font-style: inherit; font-variant: inherit; font-weight: inherit; line-height: inherit;\">Schmerzlinderung bei rheumat. Erkrankungen<\/span><\/li>\n<li><span style=\"color: #333333; font-family: inherit; font-size: inherit; font-style: inherit; font-variant: inherit; font-weight: inherit; line-height: inherit;\">Schmerzlinderung des Bewegungsapparates<\/span><\/li>\n<li><span style=\"color: #333333; font-family: inherit; font-size: inherit; font-style: inherit; font-variant: inherit; font-weight: inherit; line-height: inherit;\">Muskelverspannungen<\/span><\/li>\n<li><span style=\"color: #333333; font-family: inherit; font-size: inherit; font-style: inherit; font-variant: inherit; font-weight: inherit; line-height: inherit;\">Beschwerden im Magen-Darm-Bereich<\/span><\/li>\n<li><span style=\"color: #333333; font-family: inherit; font-size: inherit; font-style: inherit; font-variant: inherit; font-weight: inherit; line-height: inherit;\">Atemwegserkrankungen<\/span><\/li>\n<li><span style=\"color: #333333; font-family: inherit; font-size: inherit; font-style: inherit; font-variant: inherit; font-weight: inherit; line-height: inherit;\">Chronische Schw\u00e4chezust\u00e4nde<\/span><\/li>\n<li><span style=\"color: #333333; font-family: inherit; font-size: inherit; font-style: inherit; font-variant: inherit; font-weight: inherit; line-height: inherit;\">Harnwegserkrankungen<\/span><\/li>\n<li><span style=\"color: #333333; font-family: inherit; font-size: inherit; font-style: inherit; font-variant: inherit; font-weight: inherit; line-height: inherit;\">Zur Aktivierung des Immunsystems<\/span><\/li>\n<\/ul>\n<\/div>\n","protected":false},"excerpt":{"rendered":"<p>Beim Schr\u00f6pfen wird durch Erhitzen&nbsp; ein Unterdruck in den Schr\u00f6pfgl\u00e4sern erzeugt.&nbsp;Die Schr\u00f6pfgl\u00e4ser werden entlang der Head&#8217;schen Zonen des R\u00fccken auf die Haut des Patienten gesetzt. Durch die so angesaugte Haut des Patienten kann ein lokal begrenztes H\u00e4matom (Bluterguss) entstehen. Dadurch wird der Reiz zur Selbstheilung gesetzt.&nbsp;Durch Head\u2018sche Zonen&nbsp;(Neurovegetative Verbindungen zwischen &#8230;<\/p>\n","protected":false},"author":1,"featured_media":0,"parent":7,"menu_order":60,"comment_status":"closed","ping_status":"closed","template":"","meta":{"ngg_post_thumbnail":0},"_links":{"self":[{"href":"https:\/\/www.naturheilpraxis-battenberg.de\/index.php?rest_route=\/wp\/v2\/pages\/119"}],"collection":[{"href":"https:\/\/www.naturheilpraxis-battenberg.de\/index.php?rest_route=\/wp\/v2\/pages"}],"about":[{"href":"https:\/\/www.naturheilpraxis-battenberg.de\/index.php?rest_route=\/wp\/v2\/types\/page"}],"author":[{"embeddable":true,"href":"https:\/\/www.naturheilpraxis-battenberg.de\/index.php?rest_route=\/wp\/v2\/users\/1"}],"replies":[{"embeddable":true,"href":"https:\/\/www.naturheilpraxis-battenberg.de\/index.php?rest_route=%2Fwp%2Fv2%2Fcomments&post=119"}],"version-history":[{"count":1,"href":"https:\/\/www.naturheilpraxis-battenberg.de\/index.php?rest_route=\/wp\/v2\/pages\/119\/revisions"}],"predecessor-version":[{"id":372,"href":"https:\/\/www.naturheilpraxis-battenberg.de\/index.php?rest_route=\/wp\/v2\/pages\/119\/revisions\/372"}],"up":[{"embeddable":true,"href":"https:\/\/www.naturheilpraxis-battenberg.de\/index.php?rest_route=\/wp\/v2\/pages\/7"}],"wp:attachment":[{"href":"https:\/\/www.naturheilpraxis-battenberg.de\/index.php?rest_route=%2Fwp%2Fv2%2Fmedia&parent=119"}],"curies":[{"name":"wp","href":"https:\/\/api.w.org\/{rel}","templated":true}]}}